{"id":1019,"date":"2026-02-24T13:46:44","date_gmt":"2026-02-24T12:46:44","guid":{"rendered":"https:\/\/premiumsystem3c.com\/?page_id=1019"},"modified":"2026-03-09T12:55:15","modified_gmt":"2026-03-09T11:55:15","slug":"techosmoviles","status":"publish","type":"page","link":"https:\/\/premiumsystem3c.com\/index.php\/techosmoviles\/","title":{"rendered":"Techos m\u00f3viles"},"content":{"rendered":"\t\t<div data-elementor-type=\"wp-page\" data-elementor-id=\"1019\" class=\"elementor elementor-1019\">\n\t\t\t\t<div class=\"elementor-element elementor-element-557ce9e e-flex e-con-boxed e-con e-parent\" data-id=\"557ce9e\" data-element_type=\"container\">\n\t\t\t\t\t<div class=\"e-con-inner\">\n\t\t\t\t\t<\/div>\n\t\t\t\t<\/div>\n\t\t<div class=\"elementor-element elementor-element-dd04a25 e-flex e-con-boxed e-con e-parent\" data-id=\"dd04a25\" data-element_type=\"container\">\n\t\t\t\t\t<div class=\"e-con-inner\">\n\t\t<div class=\"elementor-element elementor-element-ffe9291 e-con-full e-flex e-con e-child\" data-id=\"ffe9291\" data-element_type=\"container\">\n\t\t\t\t<div class=\"elementor-element elementor-element-76be775 elementor-widget elementor-widget-heading\" data-id=\"76be775\" data-element_type=\"widget\" data-widget_type=\"heading.default\">\n\t\t\t\t<div class=\"elementor-widget-container\">\n\t\t\t\t\t<h2 class=\"elementor-heading-title elementor-size-large\">Techos m\u00f3viles<\/h2>\t\t\t\t<\/div>\n\t\t\t\t<\/div>\n\t\t\t\t<\/div>\n\t\t<div class=\"elementor-element elementor-element-1861ed3 e-con-full e-flex e-con e-child\" data-id=\"1861ed3\" data-element_type=\"container\">\n\t\t\t\t<div class=\"elementor-element elementor-element-671f668 elementor-widget elementor-widget-text-editor\" data-id=\"671f668\" data-element_type=\"widget\" data-widget_type=\"text-editor.default\">\n\t\t\t\t<div class=\"elementor-widget-container\">\n\t\t\t\t\t\t\t\t\t<p><span class=\"a_GcMg font-feature-liga-off font-feature-clig-off font-feature-calt-off text-decoration-none text-strikethrough-none\">Este techo ha sido dise\u00f1ado desde nuestra larga experiencia en fabricaci\u00f3n e instalaci\u00f3n de cerramientos, siendo nuestro principal cometido el intentar buscar la facilidad en dicha fabricaci\u00f3n e instalaci\u00f3n con las mejores prestaciones y evitar incidencias una vez instalado.<\/span><\/p>\t\t\t\t\t\t\t\t<\/div>\n\t\t\t\t<\/div>\n\t\t\t\t<\/div>\n\t\t\t\t\t<\/div>\n\t\t\t\t<\/div>\n\t\t<div class=\"elementor-element elementor-element-da3b969 e-flex e-con-boxed e-con e-parent\" data-id=\"da3b969\" data-element_type=\"container\">\n\t\t\t\t\t<div class=\"e-con-inner\">\n\t\t\t\t<div class=\"elementor-element elementor-element-b2c9639 elementor-widget elementor-widget-image\" data-id=\"b2c9639\" data-element_type=\"widget\" data-widget_type=\"image.default\">\n\t\t\t\t<div class=\"elementor-widget-container\">\n\t\t\t\t\t\t\t\t\t\t\t\t\t\t\t<img decoding=\"async\" src=\"https:\/\/premiumsystem3c.com\/wp-content\/uploads\/2026\/02\/WhatsApp-Image-2026-02-19-at-13.23.46-5.jpeg\" title=\"WhatsApp Image 2026-02-19 at 13.23.46 (5)\" alt=\"WhatsApp Image 2026-02-19 at 13.23.46 (5)\" loading=\"lazy\" \/>\t\t\t\t\t\t\t\t\t\t\t\t\t\t\t<\/div>\n\t\t\t\t<\/div>\n\t\t\t\t\t<\/div>\n\t\t\t\t<\/div>\n\t\t<div class=\"elementor-element elementor-element-a5ca488 e-flex e-con-boxed e-con e-parent\" data-id=\"a5ca488\" data-element_type=\"container\">\n\t\t\t\t\t<div class=\"e-con-inner\">\n\t\t<div class=\"elementor-element elementor-element-2b714bb e-con-full e-flex e-con e-child\" data-id=\"2b714bb\" data-element_type=\"container\">\n\t\t\t\t<div class=\"elementor-element elementor-element-04cca6f elementor-widget elementor-widget-text-editor\" data-id=\"04cca6f\" data-element_type=\"widget\" data-widget_type=\"text-editor.default\">\n\t\t\t\t<div class=\"elementor-widget-container\">\n\t\t\t\t\t\t\t\t\t<ul><li>Sistema de techo m\u00f3vil.<\/li><li>Aperturas del 50%, 66% y 75%.<\/li><li>Porter\u00eda hasta 6500mm con solo 2 postes.<\/li><li>Instalaci\u00f3n sencilla.<\/li><li>Fabricaci\u00f3n sencilla.<\/li><\/ul>\t\t\t\t\t\t\t\t<\/div>\n\t\t\t\t<\/div>\n\t\t\t\t<\/div>\n\t\t<div class=\"elementor-element elementor-element-49b7011 e-con-full e-flex e-con e-child\" data-id=\"49b7011\" data-element_type=\"container\">\n\t\t\t\t<div class=\"elementor-element elementor-element-350a1fd elementor-widget elementor-widget-text-editor\" data-id=\"350a1fd\" data-element_type=\"widget\" data-widget_type=\"text-editor.default\">\n\t\t\t\t<div class=\"elementor-widget-container\">\n\t\t\t\t\t\t\t\t\t<ul><li>Nulas filtraciones (sistema desarrollado por nosotros).<\/li><li>Nueva est\u00e9tica embellecedor canal\u00f3n.<\/li><li>Canal\u00f3n con c\u00e1mara y\u00a0de mayores dimensiones que aumenta el margen de error.<\/li><\/ul>\t\t\t\t\t\t\t\t<\/div>\n\t\t\t\t<\/div>\n\t\t\t\t<\/div>\n\t\t<div class=\"elementor-element elementor-element-a00e59b e-con-full e-flex e-con e-child\" data-id=\"a00e59b\" data-element_type=\"container\">\n\t\t\t\t<div class=\"elementor-element elementor-element-8398044 elementor-widget elementor-widget-text-editor\" data-id=\"8398044\" data-element_type=\"widget\" data-widget_type=\"text-editor.default\">\n\t\t\t\t<div class=\"elementor-widget-container\">\n\t\t\t\t\t\t\t\t\t<ul><li>Herrajes m\u00e1s resistentes.<\/li><li>Mayor est\u00e9tica en la hoja de cruce.<\/li><li>Doble transmisi\u00f3n.<\/li><li>Opci\u00f3n techo sin perfiler\u00eda.<\/li><li>Embellecedor recto para mayor est\u00e9tica.<\/li><\/ul>\t\t\t\t\t\t\t\t<\/div>\n\t\t\t\t<\/div>\n\t\t\t\t<\/div>\n\t\t<div class=\"elementor-element elementor-element-bb89505 e-con-full e-flex e-con e-child\" data-id=\"bb89505\" data-element_type=\"container\">\n\t\t\t\t<div class=\"elementor-element elementor-element-c99c10e elementor-widget elementor-widget-text-editor\" data-id=\"c99c10e\" data-element_type=\"widget\" data-widget_type=\"text-editor.default\">\n\t\t\t\t<div class=\"elementor-widget-container\">\n\t\t\t\t\t\t\t\t\t<ul><li>Componentes en inox para m\u00e1xima durabilidad.<\/li><li>Alta estanqueidad sin depender de sellados.<\/li><li>Lacado sello Qualicoat.<\/li><\/ul>\t\t\t\t\t\t\t\t<\/div>\n\t\t\t\t<\/div>\n\t\t\t\t<\/div>\n\t\t\t\t\t<\/div>\n\t\t\t\t<\/div>\n\t\t<div class=\"elementor-element elementor-element-749c2b8 e-flex e-con-boxed e-con e-parent\" data-id=\"749c2b8\" data-element_type=\"container\">\n\t\t\t\t\t<div class=\"e-con-inner\">\n\t\t<div class=\"elementor-element elementor-element-65fd7e3 e-con-full e-flex e-con e-child\" data-id=\"65fd7e3\" data-element_type=\"container\">\n\t\t\t\t<div class=\"elementor-element elementor-element-dacbc03 elementor-view-default elementor-position-top elementor-mobile-position-top elementor-widget elementor-widget-icon-box\" data-id=\"dacbc03\" data-element_type=\"widget\" data-widget_type=\"icon-box.default\">\n\t\t\t\t<div class=\"elementor-widget-container\">\n\t\t\t\t\t\t\t<div class=\"elementor-icon-box-wrapper\">\n\n\t\t\t\t\t\t<div class=\"elementor-icon-box-icon\">\n\t\t\t\t<a href=\"https:\/\/premiumsystem3c.com\/index.php\/catalogo-techos-moviles\/\" class=\"elementor-icon\" tabindex=\"-1\" aria-label=\"Descargar Cat\u00e1logo\">\n\t\t\t\t<svg aria-hidden=\"true\" class=\"e-font-icon-svg e-far-file-pdf\" viewBox=\"0 0 384 512\" xmlns=\"http:\/\/www.w3.org\/2000\/svg\"><path d=\"M369.9 97.9L286 14C277 5 264.8-.1 252.1-.1H48C21.5 0 0 21.5 0 48v416c0 26.5 21.5 48 48 48h288c26.5 0 48-21.5 48-48V131.9c0-12.7-5.1-25-14.1-34zM332.1 128H256V51.9l76.1 76.1zM48 464V48h160v104c0 13.3 10.7 24 24 24h104v288H48zm250.2-143.7c-12.2-12-47-8.7-64.4-6.5-17.2-10.5-28.7-25-36.8-46.3 3.9-16.1 10.1-40.6 5.4-56-4.2-26.2-37.8-23.6-42.6-5.9-4.4 16.1-.4 38.5 7 67.1-10 23.9-24.9 56-35.4 74.4-20 10.3-47 26.2-51 46.2-3.3 15.8 26 55.2 76.1-31.2 22.4-7.4 46.8-16.5 68.4-20.1 18.9 10.2 41 17 55.8 17 25.5 0 28-28.2 17.5-38.7zm-198.1 77.8c5.1-13.7 24.5-29.5 30.4-35-19 30.3-30.4 35.7-30.4 35zm81.6-190.6c7.4 0 6.7 32.1 1.8 40.8-4.4-13.9-4.3-40.8-1.8-40.8zm-24.4 136.6c9.7-16.9 18-37 24.7-54.7 8.3 15.1 18.9 27.2 30.1 35.5-20.8 4.3-38.9 13.1-54.8 19.2zm131.6-5s-5 6-37.3-7.8c35.1-2.6 40.9 5.4 37.3 7.8z\"><\/path><\/svg>\t\t\t\t<\/a>\n\t\t\t<\/div>\n\t\t\t\n\t\t\t\t\t\t<div class=\"elementor-icon-box-content\">\n\n\t\t\t\t\t\t\t\t\t<h3 class=\"elementor-icon-box-title\">\n\t\t\t\t\t\t<a href=\"https:\/\/premiumsystem3c.com\/index.php\/catalogo-techos-moviles\/\" >\n\t\t\t\t\t\t\tDescargar Cat\u00e1logo\t\t\t\t\t\t<\/a>\n\t\t\t\t\t<\/h3>\n\t\t\t\t\n\t\t\t\t\n\t\t\t<\/div>\n\t\t\t\n\t\t<\/div>\n\t\t\t\t\t\t<\/div>\n\t\t\t\t<\/div>\n\t\t\t\t<\/div>\n\t\t<div class=\"elementor-element elementor-element-27171aa e-con-full e-flex e-con e-child\" data-id=\"27171aa\" data-element_type=\"container\">\n\t\t\t\t<div class=\"elementor-element elementor-element-98e7729 elementor-view-default elementor-position-top elementor-mobile-position-top elementor-widget elementor-widget-icon-box\" data-id=\"98e7729\" data-element_type=\"widget\" data-widget_type=\"icon-box.default\">\n\t\t\t\t<div class=\"elementor-widget-container\">\n\t\t\t\t\t\t\t<div class=\"elementor-icon-box-wrapper\">\n\n\t\t\t\t\t\t<div class=\"elementor-icon-box-icon\">\n\t\t\t\t<a href=\"https:\/\/premiumsystem3c.com\/index.php\/tarifa-techos-moviles\/\" class=\"elementor-icon\" tabindex=\"-1\" aria-label=\"Descargar Tarifa\">\n\t\t\t\t<svg aria-hidden=\"true\" class=\"e-font-icon-svg e-far-file-pdf\" viewBox=\"0 0 384 512\" xmlns=\"http:\/\/www.w3.org\/2000\/svg\"><path d=\"M369.9 97.9L286 14C277 5 264.8-.1 252.1-.1H48C21.5 0 0 21.5 0 48v416c0 26.5 21.5 48 48 48h288c26.5 0 48-21.5 48-48V131.9c0-12.7-5.1-25-14.1-34zM332.1 128H256V51.9l76.1 76.1zM48 464V48h160v104c0 13.3 10.7 24 24 24h104v288H48zm250.2-143.7c-12.2-12-47-8.7-64.4-6.5-17.2-10.5-28.7-25-36.8-46.3 3.9-16.1 10.1-40.6 5.4-56-4.2-26.2-37.8-23.6-42.6-5.9-4.4 16.1-.4 38.5 7 67.1-10 23.9-24.9 56-35.4 74.4-20 10.3-47 26.2-51 46.2-3.3 15.8 26 55.2 76.1-31.2 22.4-7.4 46.8-16.5 68.4-20.1 18.9 10.2 41 17 55.8 17 25.5 0 28-28.2 17.5-38.7zm-198.1 77.8c5.1-13.7 24.5-29.5 30.4-35-19 30.3-30.4 35.7-30.4 35zm81.6-190.6c7.4 0 6.7 32.1 1.8 40.8-4.4-13.9-4.3-40.8-1.8-40.8zm-24.4 136.6c9.7-16.9 18-37 24.7-54.7 8.3 15.1 18.9 27.2 30.1 35.5-20.8 4.3-38.9 13.1-54.8 19.2zm131.6-5s-5 6-37.3-7.8c35.1-2.6 40.9 5.4 37.3 7.8z\"><\/path><\/svg>\t\t\t\t<\/a>\n\t\t\t<\/div>\n\t\t\t\n\t\t\t\t\t\t<div class=\"elementor-icon-box-content\">\n\n\t\t\t\t\t\t\t\t\t<h3 class=\"elementor-icon-box-title\">\n\t\t\t\t\t\t<a href=\"https:\/\/premiumsystem3c.com\/index.php\/tarifa-techos-moviles\/\" >\n\t\t\t\t\t\t\tDescargar Tarifa\t\t\t\t\t\t<\/a>\n\t\t\t\t\t<\/h3>\n\t\t\t\t\n\t\t\t\t\n\t\t\t<\/div>\n\t\t\t\n\t\t<\/div>\n\t\t\t\t\t\t<\/div>\n\t\t\t\t<\/div>\n\t\t\t\t<\/div>\n\t\t\t\t\t<\/div>\n\t\t\t\t<\/div>\n\t\t<div class=\"elementor-element elementor-element-4ff41b2 e-flex e-con-boxed e-con e-parent\" data-id=\"4ff41b2\" data-element_type=\"container\">\n\t\t\t\t\t<div class=\"e-con-inner\">\n\t\t<div class=\"elementor-element elementor-element-f73d8f9 e-con-full e-flex e-con e-child\" data-id=\"f73d8f9\" data-element_type=\"container\">\n\t\t\t\t<div class=\"elementor-element elementor-element-97ec70e elementor-widget elementor-widget-image\" data-id=\"97ec70e\" data-element_type=\"widget\" data-widget_type=\"image.default\">\n\t\t\t\t<div class=\"elementor-widget-container\">\n\t\t\t\t\t\t\t\t\t\t\t\t\t\t\t<img fetchpriority=\"high\" decoding=\"async\" width=\"1024\" height=\"732\" src=\"https:\/\/premiumsystem3c.com\/wp-content\/uploads\/2026\/03\/8-1024x732.png\" class=\"attachment-large size-large wp-image-1293\" alt=\"\" srcset=\"https:\/\/premiumsystem3c.com\/wp-content\/uploads\/2026\/03\/8-1024x732.png 1024w, https:\/\/premiumsystem3c.com\/wp-content\/uploads\/2026\/03\/8-300x214.png 300w, https:\/\/premiumsystem3c.com\/wp-content\/uploads\/2026\/03\/8-768x549.png 768w, https:\/\/premiumsystem3c.com\/wp-content\/uploads\/2026\/03\/8-1536x1097.png 1536w, https:\/\/premiumsystem3c.com\/wp-content\/uploads\/2026\/03\/8.png 2000w\" sizes=\"(max-width: 1024px) 100vw, 1024px\" \/>\t\t\t\t\t\t\t\t\t\t\t\t\t\t\t<\/div>\n\t\t\t\t<\/div>\n\t\t\t\t<\/div>\n\t\t<div class=\"elementor-element elementor-element-484412d e-con-full e-flex e-con e-child\" data-id=\"484412d\" data-element_type=\"container\">\n\t\t\t\t<div class=\"elementor-element elementor-element-2cb1dd2 elementor-widget elementor-widget-image\" data-id=\"2cb1dd2\" data-element_type=\"widget\" data-widget_type=\"image.default\">\n\t\t\t\t<div class=\"elementor-widget-container\">\n\t\t\t\t\t\t\t\t\t\t\t\t\t\t\t<img decoding=\"async\" width=\"1024\" height=\"732\" src=\"https:\/\/premiumsystem3c.com\/wp-content\/uploads\/2026\/03\/6-1024x732.png\" class=\"attachment-large size-large wp-image-1292\" alt=\"\" srcset=\"https:\/\/premiumsystem3c.com\/wp-content\/uploads\/2026\/03\/6-1024x732.png 1024w, https:\/\/premiumsystem3c.com\/wp-content\/uploads\/2026\/03\/6-300x214.png 300w, https:\/\/premiumsystem3c.com\/wp-content\/uploads\/2026\/03\/6-768x549.png 768w, https:\/\/premiumsystem3c.com\/wp-content\/uploads\/2026\/03\/6-1536x1097.png 1536w, https:\/\/premiumsystem3c.com\/wp-content\/uploads\/2026\/03\/6.png 2000w\" sizes=\"(max-width: 1024px) 100vw, 1024px\" \/>\t\t\t\t\t\t\t\t\t\t\t\t\t\t\t<\/div>\n\t\t\t\t<\/div>\n\t\t\t\t<\/div>\n\t\t<div class=\"elementor-element elementor-element-0505284 e-con-full e-flex e-con e-child\" data-id=\"0505284\" data-element_type=\"container\">\n\t\t\t\t<div class=\"elementor-element elementor-element-410edd3 elementor-widget elementor-widget-image\" data-id=\"410edd3\" data-element_type=\"widget\" data-widget_type=\"image.default\">\n\t\t\t\t<div class=\"elementor-widget-container\">\n\t\t\t\t\t\t\t\t\t\t\t\t\t\t\t<img decoding=\"async\" width=\"1024\" height=\"732\" src=\"https:\/\/premiumsystem3c.com\/wp-content\/uploads\/2026\/03\/7-1024x732.png\" class=\"attachment-large size-large wp-image-1294\" alt=\"\" srcset=\"https:\/\/premiumsystem3c.com\/wp-content\/uploads\/2026\/03\/7-1024x732.png 1024w, https:\/\/premiumsystem3c.com\/wp-content\/uploads\/2026\/03\/7-300x214.png 300w, https:\/\/premiumsystem3c.com\/wp-content\/uploads\/2026\/03\/7-768x549.png 768w, https:\/\/premiumsystem3c.com\/wp-content\/uploads\/2026\/03\/7-1536x1097.png 1536w, https:\/\/premiumsystem3c.com\/wp-content\/uploads\/2026\/03\/7.png 2000w\" sizes=\"(max-width: 1024px) 100vw, 1024px\" \/>\t\t\t\t\t\t\t\t\t\t\t\t\t\t\t<\/div>\n\t\t\t\t<\/div>\n\t\t\t\t<\/div>\n\t\t<div class=\"elementor-element elementor-element-9a239e4 e-con-full e-flex e-con e-child\" data-id=\"9a239e4\" data-element_type=\"container\">\n\t\t\t\t<div class=\"elementor-element elementor-element-e34aa89 elementor-widget elementor-widget-image\" data-id=\"e34aa89\" data-element_type=\"widget\" data-widget_type=\"image.default\">\n\t\t\t\t<div class=\"elementor-widget-container\">\n\t\t\t\t\t\t\t\t\t\t\t\t\t\t\t<img loading=\"lazy\" decoding=\"async\" width=\"1024\" height=\"732\" src=\"https:\/\/premiumsystem3c.com\/wp-content\/uploads\/2026\/02\/8-1024x732.png\" class=\"attachment-large size-large wp-image-1043\" alt=\"\" srcset=\"https:\/\/premiumsystem3c.com\/wp-content\/uploads\/2026\/02\/8-1024x732.png 1024w, https:\/\/premiumsystem3c.com\/wp-content\/uploads\/2026\/02\/8-300x214.png 300w, https:\/\/premiumsystem3c.com\/wp-content\/uploads\/2026\/02\/8-768x549.png 768w, https:\/\/premiumsystem3c.com\/wp-content\/uploads\/2026\/02\/8-1536x1097.png 1536w, https:\/\/premiumsystem3c.com\/wp-content\/uploads\/2026\/02\/8.png 2000w\" sizes=\"(max-width: 1024px) 100vw, 1024px\" \/>\t\t\t\t\t\t\t\t\t\t\t\t\t\t\t<\/div>\n\t\t\t\t<\/div>\n\t\t\t\t<\/div>\n\t\t\t\t\t<\/div>\n\t\t\t\t<\/div>\n\t\t\t\t<\/div>\n\t\t","protected":false},"excerpt":{"rendered":"<p>Techos m\u00f3viles Este techo ha sido dise\u00f1ado desde nuestra larga experiencia en fabricaci\u00f3n e instalaci\u00f3n de cerramientos, siendo nuestro principal cometido el intentar buscar la facilidad en dicha fabricaci\u00f3n e instalaci\u00f3n con las mejores prestaciones y evitar incidencias una vez instalado. Sistema de techo m\u00f3vil. Aperturas del 50%, 66% y 75%. Porter\u00eda hasta 6500mm con &hellip;<\/p>\n<p class=\"read-more\"> <a class=\"\" href=\"https:\/\/premiumsystem3c.com\/index.php\/techosmoviles\/\"> <span class=\"screen-reader-text\">Techos m\u00f3viles<\/span> Leer m\u00e1s &raquo;<\/a><\/p>\n","protected":false},"author":1,"featured_media":0,"parent":0,"menu_order":0,"comment_status":"closed","ping_status":"closed","template":"","meta":{"site-sidebar-layout":"no-sidebar","site-content-layout":"","ast-site-content-layout":"full-width-container","site-content-style":"default","site-sidebar-style":"default","ast-global-header-display":"","ast-banner-title-visibility":"","ast-main-header-display":"","ast-hfb-above-header-display":"","ast-hfb-below-header-display":"","ast-hfb-mobile-header-display":"","site-post-title":"disabled","ast-breadcrumbs-content":"","ast-featured-img":"disabled","footer-sml-layout":"","theme-transparent-header-meta":"","adv-header-id-meta":"","stick-header-meta":"","header-above-stick-meta":"","header-main-stick-meta":"","header-below-stick-meta":"","astra-migrate-meta-layouts":"default","ast-page-background-enabled":"default","ast-page-background-meta":{"desktop":{"background-color":"var(--ast-global-color-4)","background-image":"","background-repeat":"repeat","background-position":"center center","background-size":"auto","background-attachment":"scroll","background-type":"","background-media":"","overlay-type":"","overlay-color":"","overlay-gradient":""},"tablet":{"background-color":"","background-image":"","background-repeat":"repeat","background-position":"center center","background-size":"auto","background-attachment":"scroll","background-type":"","background-media":"","overlay-type":"","overlay-color":"","overlay-gradient":""},"mobile":{"background-color":"","background-image":"","background-repeat":"repeat","background-position":"center center","background-size":"auto","background-attachment":"scroll","background-type":"","background-media":"","overlay-type":"","overlay-color":"","overlay-gradient":""}},"ast-content-background-meta":{"desktop":{"background-color":"var(--ast-global-color-5)","background-image":"","background-repeat":"repeat","background-position":"center center","background-size":"auto","background-attachment":"scroll","background-type":"","background-media":"","overlay-type":"","overlay-color":"","overlay-gradient":""},"tablet":{"background-color":"var(--ast-global-color-5)","background-image":"","background-repeat":"repeat","background-position":"center center","background-size":"auto","background-attachment":"scroll","background-type":"","background-media":"","overlay-type":"","overlay-color":"","overlay-gradient":""},"mobile":{"background-color":"var(--ast-global-color-5)","background-image":"","background-repeat":"repeat","background-position":"center center","background-size":"auto","background-attachment":"scroll","background-type":"","background-media":"","overlay-type":"","overlay-color":"","overlay-gradient":""}},"footnotes":""},"class_list":["post-1019","page","type-page","status-publish","hentry"],"yoast_head":"<!-- This site is optimized with the Yoast SEO plugin v27.2 - https:\/\/yoast.com\/product\/yoast-seo-wordpress\/ -->\n<title>Techos m\u00f3viles -<\/title>\n<meta name=\"robots\" content=\"index, follow, max-snippet:-1, max-image-preview:large, max-video-preview:-1\" \/>\n<link rel=\"canonical\" href=\"https:\/\/premiumsystem3c.com\/index.php\/techosmoviles\/\" \/>\n<meta property=\"og:locale\" content=\"es_ES\" \/>\n<meta property=\"og:type\" content=\"article\" \/>\n<meta property=\"og:title\" content=\"Techos m\u00f3viles -\" \/>\n<meta property=\"og:description\" content=\"Techos m\u00f3viles Este techo ha sido dise\u00f1ado desde nuestra larga experiencia en fabricaci\u00f3n e instalaci\u00f3n de cerramientos, siendo nuestro principal cometido el intentar buscar la facilidad en dicha fabricaci\u00f3n e instalaci\u00f3n con las mejores prestaciones y evitar incidencias una vez instalado. Sistema de techo m\u00f3vil. Aperturas del 50%, 66% y 75%. Porter\u00eda hasta 6500mm con &hellip; Techos m\u00f3viles Leer m\u00e1s &raquo;\" \/>\n<meta property=\"og:url\" content=\"https:\/\/premiumsystem3c.com\/index.php\/techosmoviles\/\" \/>\n<meta property=\"article:modified_time\" content=\"2026-03-09T11:55:15+00:00\" \/>\n<meta property=\"og:image\" content=\"http:\/\/premiumsystem3c.com\/wp-content\/uploads\/elementor\/thumbs\/WhatsApp-Image-2026-02-19-at-13.23.46-5-rjmkgce7jiav5lj04vl0huo226ehbyrq803cpw7nls.jpeg\" \/>\n<meta name=\"twitter:card\" content=\"summary_large_image\" \/>\n<meta name=\"twitter:label1\" content=\"Tiempo de lectura\" \/>\n\t<meta name=\"twitter:data1\" content=\"2 minutos\" \/>\n<script type=\"application\/ld+json\" class=\"yoast-schema-graph\">{\"@context\":\"https:\/\/schema.org\",\"@graph\":[{\"@type\":\"WebPage\",\"@id\":\"https:\/\/premiumsystem3c.com\/index.php\/techosmoviles\/\",\"url\":\"https:\/\/premiumsystem3c.com\/index.php\/techosmoviles\/\",\"name\":\"Techos m\u00f3viles -\",\"isPartOf\":{\"@id\":\"https:\/\/premiumsystem3c.com\/#website\"},\"primaryImageOfPage\":{\"@id\":\"https:\/\/premiumsystem3c.com\/index.php\/techosmoviles\/#primaryimage\"},\"image\":{\"@id\":\"https:\/\/premiumsystem3c.com\/index.php\/techosmoviles\/#primaryimage\"},\"thumbnailUrl\":\"http:\/\/premiumsystem3c.com\/wp-content\/uploads\/elementor\/thumbs\/WhatsApp-Image-2026-02-19-at-13.23.46-5-rjmkgce7jiav5lj04vl0huo226ehbyrq803cpw7nls.jpeg\",\"datePublished\":\"2026-02-24T12:46:44+00:00\",\"dateModified\":\"2026-03-09T11:55:15+00:00\",\"breadcrumb\":{\"@id\":\"https:\/\/premiumsystem3c.com\/index.php\/techosmoviles\/#breadcrumb\"},\"inLanguage\":\"es\",\"potentialAction\":[{\"@type\":\"ReadAction\",\"target\":[\"https:\/\/premiumsystem3c.com\/index.php\/techosmoviles\/\"]}]},{\"@type\":\"ImageObject\",\"inLanguage\":\"es\",\"@id\":\"https:\/\/premiumsystem3c.com\/index.php\/techosmoviles\/#primaryimage\",\"url\":\"http:\/\/premiumsystem3c.com\/wp-content\/uploads\/elementor\/thumbs\/WhatsApp-Image-2026-02-19-at-13.23.46-5-rjmkgce7jiav5lj04vl0huo226ehbyrq803cpw7nls.jpeg\",\"contentUrl\":\"http:\/\/premiumsystem3c.com\/wp-content\/uploads\/elementor\/thumbs\/WhatsApp-Image-2026-02-19-at-13.23.46-5-rjmkgce7jiav5lj04vl0huo226ehbyrq803cpw7nls.jpeg\"},{\"@type\":\"BreadcrumbList\",\"@id\":\"https:\/\/premiumsystem3c.com\/index.php\/techosmoviles\/#breadcrumb\",\"itemListElement\":[{\"@type\":\"ListItem\",\"position\":1,\"name\":\"Portada\",\"item\":\"https:\/\/premiumsystem3c.com\/\"},{\"@type\":\"ListItem\",\"position\":2,\"name\":\"Techos m\u00f3viles\"}]},{\"@type\":\"WebSite\",\"@id\":\"https:\/\/premiumsystem3c.com\/#website\",\"url\":\"https:\/\/premiumsystem3c.com\/\",\"name\":\"\",\"description\":\"\",\"potentialAction\":[{\"@type\":\"SearchAction\",\"target\":{\"@type\":\"EntryPoint\",\"urlTemplate\":\"https:\/\/premiumsystem3c.com\/?s={search_term_string}\"},\"query-input\":{\"@type\":\"PropertyValueSpecification\",\"valueRequired\":true,\"valueName\":\"search_term_string\"}}],\"inLanguage\":\"es\"}]}<\/script>\n<!-- \/ Yoast SEO plugin. -->","yoast_head_json":{"title":"Techos m\u00f3viles -","robots":{"index":"index","follow":"follow","max-snippet":"max-snippet:-1","max-image-preview":"max-image-preview:large","max-video-preview":"max-video-preview:-1"},"canonical":"https:\/\/premiumsystem3c.com\/index.php\/techosmoviles\/","og_locale":"es_ES","og_type":"article","og_title":"Techos m\u00f3viles -","og_description":"Techos m\u00f3viles Este techo ha sido dise\u00f1ado desde nuestra larga experiencia en fabricaci\u00f3n e instalaci\u00f3n de cerramientos, siendo nuestro principal cometido el intentar buscar la facilidad en dicha fabricaci\u00f3n e instalaci\u00f3n con las mejores prestaciones y evitar incidencias una vez instalado. Sistema de techo m\u00f3vil. Aperturas del 50%, 66% y 75%. Porter\u00eda hasta 6500mm con &hellip; Techos m\u00f3viles Leer m\u00e1s &raquo;","og_url":"https:\/\/premiumsystem3c.com\/index.php\/techosmoviles\/","article_modified_time":"2026-03-09T11:55:15+00:00","og_image":[{"url":"http:\/\/premiumsystem3c.com\/wp-content\/uploads\/elementor\/thumbs\/WhatsApp-Image-2026-02-19-at-13.23.46-5-rjmkgce7jiav5lj04vl0huo226ehbyrq803cpw7nls.jpeg","type":"","width":"","height":""}],"twitter_card":"summary_large_image","twitter_misc":{"Tiempo de lectura":"2 minutos"},"schema":{"@context":"https:\/\/schema.org","@graph":[{"@type":"WebPage","@id":"https:\/\/premiumsystem3c.com\/index.php\/techosmoviles\/","url":"https:\/\/premiumsystem3c.com\/index.php\/techosmoviles\/","name":"Techos m\u00f3viles -","isPartOf":{"@id":"https:\/\/premiumsystem3c.com\/#website"},"primaryImageOfPage":{"@id":"https:\/\/premiumsystem3c.com\/index.php\/techosmoviles\/#primaryimage"},"image":{"@id":"https:\/\/premiumsystem3c.com\/index.php\/techosmoviles\/#primaryimage"},"thumbnailUrl":"http:\/\/premiumsystem3c.com\/wp-content\/uploads\/elementor\/thumbs\/WhatsApp-Image-2026-02-19-at-13.23.46-5-rjmkgce7jiav5lj04vl0huo226ehbyrq803cpw7nls.jpeg","datePublished":"2026-02-24T12:46:44+00:00","dateModified":"2026-03-09T11:55:15+00:00","breadcrumb":{"@id":"https:\/\/premiumsystem3c.com\/index.php\/techosmoviles\/#breadcrumb"},"inLanguage":"es","potentialAction":[{"@type":"ReadAction","target":["https:\/\/premiumsystem3c.com\/index.php\/techosmoviles\/"]}]},{"@type":"ImageObject","inLanguage":"es","@id":"https:\/\/premiumsystem3c.com\/index.php\/techosmoviles\/#primaryimage","url":"http:\/\/premiumsystem3c.com\/wp-content\/uploads\/elementor\/thumbs\/WhatsApp-Image-2026-02-19-at-13.23.46-5-rjmkgce7jiav5lj04vl0huo226ehbyrq803cpw7nls.jpeg","contentUrl":"http:\/\/premiumsystem3c.com\/wp-content\/uploads\/elementor\/thumbs\/WhatsApp-Image-2026-02-19-at-13.23.46-5-rjmkgce7jiav5lj04vl0huo226ehbyrq803cpw7nls.jpeg"},{"@type":"BreadcrumbList","@id":"https:\/\/premiumsystem3c.com\/index.php\/techosmoviles\/#breadcrumb","itemListElement":[{"@type":"ListItem","position":1,"name":"Portada","item":"https:\/\/premiumsystem3c.com\/"},{"@type":"ListItem","position":2,"name":"Techos m\u00f3viles"}]},{"@type":"WebSite","@id":"https:\/\/premiumsystem3c.com\/#website","url":"https:\/\/premiumsystem3c.com\/","name":"","description":"","potentialAction":[{"@type":"SearchAction","target":{"@type":"EntryPoint","urlTemplate":"https:\/\/premiumsystem3c.com\/?s={search_term_string}"},"query-input":{"@type":"PropertyValueSpecification","valueRequired":true,"valueName":"search_term_string"}}],"inLanguage":"es"}]}},"_links":{"self":[{"href":"https:\/\/premiumsystem3c.com\/index.php\/wp-json\/wp\/v2\/pages\/1019","targetHints":{"allow":["GET"]}}],"collection":[{"href":"https:\/\/premiumsystem3c.com\/index.php\/wp-json\/wp\/v2\/pages"}],"about":[{"href":"https:\/\/premiumsystem3c.com\/index.php\/wp-json\/wp\/v2\/types\/page"}],"author":[{"embeddable":true,"href":"https:\/\/premiumsystem3c.com\/index.php\/wp-json\/wp\/v2\/users\/1"}],"replies":[{"embeddable":true,"href":"https:\/\/premiumsystem3c.com\/index.php\/wp-json\/wp\/v2\/comments?post=1019"}],"version-history":[{"count":33,"href":"https:\/\/premiumsystem3c.com\/index.php\/wp-json\/wp\/v2\/pages\/1019\/revisions"}],"predecessor-version":[{"id":1353,"href":"https:\/\/premiumsystem3c.com\/index.php\/wp-json\/wp\/v2\/pages\/1019\/revisions\/1353"}],"wp:attachment":[{"href":"https:\/\/premiumsystem3c.com\/index.php\/wp-json\/wp\/v2\/media?parent=1019"}],"curies":[{"name":"wp","href":"https:\/\/api.w.org\/{rel}","templated":true}]}}